f) = -f**2 - 4*f - 4. Let s(n) = -n + 4. Let x(w) = 2*w - 9. Let q(t) = 5*s(t) + 3*x(t). Suppose 0 + 3 = p. Let o be q(p). What is a(o)?
-4
Let a(k) = 3 + 2*k + 0*k**3 - k**3 + 20*k**2 - 4*k - 24*k**2. Calculate a(-3).
0
Let n(t) = t - 3. Suppose 7*j = 3*j + 20. What is n(j)?
2
Let f(a) = -a**3 - 5*a**2 + a + 4. Let n be f(-5). Let r(j) = 13*j**2 + 4*j + 7. Let u(i) = -7*i**2 - 2*i - 4. Let o(s) = -3*r(s) - 5*u(s). What is o(n)?
-3
Suppose -5*s - 20 = -2*k, k + 2*s = 5*k - 24. Suppose -o - 44 = -k*o. Suppose 0 = 2*m + 3 - o. Let a(c) = 2*c - 6. Determine a(m).
2
Let p(n) = -2 + 0 - 2*n + 4. Calculate p(-4).
10
Let h(p) = p**3 - 4*p**2 + 2*p + 1. Let w be ((-162)/(-63))/(3/14). Let k = w - 10. What is h(k)?
-3
Let k(j) = -4*j - 1. Let a be k(-2). Let x = -6 + a. Let f(n) = x + 1 - 4 + n + 3. Calculate f(-3).
-2
Let g(m) be the third derivative of -m**6/120 + m**5/12 + 5*m**4/24 + m**3/3 + 12*m**2. Give g(6).
-4
Suppose 0 = -0*g - g + 2. Let m be (0 + 0/3)/2. Let w(f) = -1 - 2*f - 2*f**2 + m + 5*f**2. Calculate w(g).
7
Let p be (4/6)/((-10)/75). Let z be p*((-3)/3 - 0). Let l(v) = -v**2 + 6*v - 7. Give l(z).
-2
Let v(d) = d**2 + 2*d. Suppose 8 = 5*a - 2. Suppose 4*n - 10 = -a. What is v(n)?
8
Let f(c) = c**2 - 1. Let h be (-10)/6*(-1 - -4). Let n = 8 + h. Calculate f(n).
8
Let l = 0 + 2. Suppose -l*r + 4 = -6. Let x(w) = -w + 12. What is x(r)?
7
Let r(l) be the second derivative of -l**4/4 - l**3/3 - l**2/2 - 18*l. Calculate r(-2).
-9
Suppose 0 = -14*q - 5*q - 76. Let z(l) = l + 5. What is z(q)?
1
Let o(m) = 5*m**3 - 2*m**2 + m. Let l be (0 + 0)*(-4)/(-8). Suppose 0 = 4*j - l*j. Suppose j*y + 5*y = 5. What is o(y)?
4
Suppose 41*n = 36*n - 40. Let z(j) = j**2 + 9*j - 1. Give z(n).
-9
Let t(w) = w**2 - 12*w - 3. Let v be t(12). Let k(c) = c**3 + 4*c**2 - c + 1. Calculate k(v).
13
Let d(u) be the first derivative of u**4/4 - u**3/3 - 3*u**2/2 - 3*u - 2. Suppose 2*l = -l - 6. Give d(l).
-9
Suppose n + 37 = 31. Let c(t) = t**3 + 5*t**2 - 6*t - 1. Calculate c(n).
-1
Let r(l) = -2. Let b(i) = i + 1. Let y(c) = -3*b(c) - 3*r(c). Let p(j) = -3*j**2 - 14*j - 6. Let m be p(-4). Give y(m).
-3
Let k(b) be the third derivative of -b**9/60480 - b**8/2520 - b**7/560 - 7*b**6/720 - b**5/60 + 3*b**2. Let l(u) be the third derivative of k(u). Give l(-7).
7
Let f(l) = l**3 - 4*l**2 + 2*l - 1. Let w(b) = -b - 1. Let d be w(-4). Determine f(d).
-4
Let n(s) = -s**3 - s**2 - 3. Let f be 9/(-3)*3*(-1)/(-3). Determine n(f).
15
Suppose 4*m + t - 4 = 0, m - 9 - 11 = -5*t. Let o(s) = s**2 - s. Let d be (-2 - -1)/(-1 + 0). Let i(l) = 7*l**2 - 5*l. Let r(f) = d*i(f) - 6*o(f). Give r(m).
0
Let z = -10 - -15. Let a(q) = -q**3 - 5*q**2 - 2*q + 4. Let w(u) = u**3 + u - 1. Let h(l) = -a(l) - 2*w(l). Give h(z).
-2
Let v(f) = -3*f**2 - 5*f - 4. Let l(a) = a**2 + a. Let r(j) = 2*l(j) + v(j). Give r(-4).
-8
Let o(f) = -f**2 - 3*f + 7. Let z(c) = c**2 - 5. Let p(m) = -m**3 + 5*m**2 - m + 5. Let t be p(5). Let d be z(t). Give o(d).
-3
Let b(r) = -r**2 + r - 3. Let j(g) = g**2 - 4*g + 7*g + 2*g**2 + 9 - 5*g. Let t(f) = 7*b(f) + 2*j(f). Determine t(3).
-3
Let f(i) = -i**3 + 4*i**2 - i + 2. Suppose 0 = -5*z + 4*l, 5*z = -4*l + l. Suppose m + z*m - 3 = 0. Determine f(m).
8
Let f(p) = 0*p**3 - 4*p**3 - 13*p + 13*p. Let g(k) = k**3 + k**2 - 1. Let o(d) = f(d) + 5*g(d). What is o(-5)?
-5
Suppose -4 = -4*h + 5*p + 37, -2*h + p + 13 = 0. Let b(f) = -2 - f**3 - f + 6 - h - 3*f**2. Give b(-3).
3
Let c(k) be the third derivative of -k**8/6720 - k**7/360 - k**6/144 + k**4/3 - 5*k**2. Let m(f) be the second derivative of c(f). Calculate m(-6).
-6
Let m(l) = l**2 + 3*l - 3. Let w be m(-4). Let y(n) be the second derivative of -n**3 + n**2/2 + 26*n + 1. Calculate y(w).
-5
Let u = 16 - 0. Suppose 2*v + 2*v = u. Suppose 0 = w - v. Let l(m) = m**2 - 3*m + 4. Determine l(w).
8
Suppose n + 4*n = 0. Let p(v) = v - 2. Give p(n).
-2
Let b(h) = -h + 1. Let d(p) = -p**2 + 9*p + 11. Let t(z) = -b(z) - d(z). Calculate t(9).
-3
Suppose -g + 6 + 20 = u, -u - 2*g = -22. Suppose 0 = 5*x - 5 + u, 5*n - x - 30 = 0. Suppose 0*r - 10 = n*r. Let a(y) = y**2 + 3*y + 1. Calculate a(r).
-1
Let m(f) = f - 3. Let z = -4 + 2. Let c be (-11)/((-2 + 0)/z). Let g = c - -7. What is m(g)?
-7
Let a(t) = -t**3 + t**2. Let q(g) = -6 + 6*g**2 + 0*g**2 + 2*g**2 - 4*g**3 + 4. Let s(r) = -3*a(r) + q(r). What is s(2)?
10
Suppose 2*s + 6 = 4*s. Let i(o) be the first derivative of -o**3/3 + 2*o**2 - 2. What is i(s)?
3
Let n(i) = -5*i + 2. Suppose 3*v + 2 = 4*f, 0*v + v + 2 = 0. Let q = 1 - f. Give n(q).
-8
Let h(y) = -1. Let u(g) = g - 6. Let l(t) = 4*h(t) + u(t). Let b(q) = q**2 + q. Let i be b(2). Let j(o) = -o + 11. Let p(v) = i*l(v) + 5*j(v). Determine p(5).
0
Let i(m) = -m**2 + 4*m - 3. Let c be i(4). Let f(l) = 5*l + 5. Let k(r) = 2*r + 2. Let o(w) = c*f(w) + 8*k(w). Calculate o(4).
5
Let j(i) be the second derivative of i**4/12 - 7*i**3/6 + 2*i**2 - 30*i. Calculate j(7).
4
Let n(s) = -2*s + 0*s + 3*s. Suppose -4*m = -m. Give n(m).
0
Let g(t) = t**3 + 7*t**2 + 6*t - 2. Suppose -4*c - 2*k + 13 = -7*c, -3*c + 3*k = 12. Give g(c).
18
Let p(n) be the third derivative of -n**4/12 - n**3/2 + 5*n**2. Give p(-2).
1
Suppose 5*q = q - 24. Let w(k) be the first derivative of 5*k**2/2 + 3*k - 7. Let j(s) = -s. Let u(r) = -4*j(r) - w(r). Give u(q).
3
Suppose -5*u = 20, -6*u = 4*r - u + 24. Let f(i) = -i**2 - 1. Determine f(r).
-2
Let n(c) = c**2 + 6*c + 6. Let x be n(-6). Let r(q) = -5*q**3 + x*q**3 + 0*q**3 + 0 - 2. Calculate r(0).
-2
Let p(k) be the first derivative of -k**2 - 2*k + 1. Suppose 3*d = -0*d + 3*z + 6, 4 = 2*d - 3*z. Determine p(d).
-6
Let d(x) = -5*x + 1. Let g(k) = 2*k + 4 - 3 - 3*k. Let o be g(2). Determine d(o).
6
Suppose 8 = -u - 2*z + z, 16 = -4*u + 4*z. Let t(v) be the third derivative of 0*v + 1/120*v**6 + 7/60*v**5 + 1/4*v**4 + 7/6*v**3 + 4*v**2 + 0. Determine t(u).
7
Let m(h) = h**3 + 4*h**2 + 3*h. Let z be 1 + 1 - (1 + 0). Let r = 2 + z. Let v = r + -5. Determine m(v).
2
Let w(j) be the first derivative of -3*j**2/2 + 4*j + 5. Let i = 0 - 4. Let l(m) = -2*m - 5. Let d be l(i). Calculate w(d).
-5
Suppose 3*i - 6*i = 5*y - 26, 0 = y - i - 10. Let x(j) = 3 + j + 0*j + 3*j - y*j. Give x(3).
-6
Let y(f) = f**3 - 4*f**2 + 3*f - 1. Suppose -3*s = -7*s + 36. Suppose -3*m = -6*m + s. Give y(m).
-1
Let k(y) = -y**3 - 3*y**2 - y + 2. Let p(f) = 5*f**3 + 16*f**2 + 5*f - 11. Let r(d) = 11*k(d) + 2*p(d). Determine r(-1).
1
Let n = 7 - 7. Suppose n*a = 2*a + 12. Let o(k) = -k**3 - 5*k**2 + 5*k - 3. What is o(a)?
3
Let n(b) be the third derivative of b**6/120 + b**5/20 + b**4/12 + b**3/6 - 7*b**2. Give n(-3).
-5
Let m(i) = 13*i**2 - 6*i - 3. Let b(j) = 2*j**2 + 1. Let x(u) = 6*b(u) - m(u). Give x(8).
-7
Let o(b) = -4*b + 0*b + 3 + 1 + b**2. Suppose -3*v + 14 = 41. Let j be 86/18 + (-2)/v. Determine o(j).
9
Suppose 0*m = 2*m. Let s be 2/3*18/4. Let r(c) = 2 + c + s - 2. Determine r(m).
3
Let i(b) = -b**3 - 5*b**2 + 5*b + 3. Let f = 95 - 101. What is i(f)?
9
Let r(g) = -g**2 - 2. Let w = 98 - 95. Determine r(w).
-11
Let u = 11 - 8. Let x(f) = -f**2 + 4*f - 2. Let j be x(u). Let p(l) be the first derivative of 3*l**2/2 + l - 1. What is p(j)?
4
Let y(m) = 3*m**2 - 3*m - 2. Let c(g) = 5*g**2 - 5*g - 3. Let d(z) = -5*c(z) + 8*y(z). Suppose -3*a + 6 + 0 = 0. What is d(a)?
-3
Let f = 42 - 41. Let t(d) = -2. Let k(y) = 1. Let q(b) = -9*k(b) - 4*t(b). Let u(l) = l - 1. Let n(p) = f*u(p) + 6*q(p). Give n(4).
-3
Let m(d) = d**3 - 7*d**2 - 7*d + 9. Let g(b) = -7*b**3 - b**2 - 4*b - 2. Let r be g(-1). What is m(r)?
17
Suppose -j - 6 = 5*w, -7*w - 4*j = -2*w - 6. Let z(y) = 7*y + 1. Calculate z(w).
-13
Let r(v) = -12 + v**2 + 12 - v. Determine r(-2).
6
Let j(o) be the third derivative of -1/6*o**3 + 1/8*o**4 + 0*o + 0 + 3*o**2. Suppose 4*s + 5*q = 7, 2*q = 2*s + 5*q - 3. What is j(s)?
8
Let t(o) = -2*o. Let k(n) = -4*n - 28. Let f be k(-6). What is t(f)?
8
Let u(d) = d - 1. Let p(m) = 5*m - 4. Let s(n) = 2*p(n) - 9*u(n). Calculate s(5).
6
Let w(v) = v**3 + 4*v**2 - 8*v - 6. Suppose 1 + 4 = -5*y. Let z(s) = 0*s**3 + 1 - 2*s**2 + 5*s**3 - s**3. Let t be z(y). Determine w(t).
9
Let x(h) = -h**2 + 4*h + 3. Let s(i) = i**3 - 6*i**2 - i - 37. Let l be s(7). Give x(l).
-2
Let a(h) = 3*h. Let m be ((-6)/2)/(6/(-4)). Suppose 4 = -m*v - 0*v. Let n = v - -4. Gi